 f is divided by 50?
47
Let z be -5 + 5 + ((-10)/(-1))/(-2). Let t(l) = l**3 + 3*l**2 - 9*l + 12. Calculate the remainder when 60 is divided by t(z).
4
Let t = 22 + 0. Let l(p) = p**3 - p**2 - 80*p - 47. What is the remainder when l(-7) is divided by t?
11
Let v(p) = 2*p**2 + 4*p + 2. Let d(q) = q**2 + 9*q - 13. Let u be d(-10). Calculate the remainder when 101/7 + (12/14)/(-2) is divided by v(u).
6
Let j(l) = -2*l**3 - 15*l**2 - l - 5. Let g be j(-7). Let w = 53 + g. Suppose 4*v + 52 = w*v. Calculate the remainder when 128 is divided by v.
24
Let n be 2 + 1 - 6 - -5. What is the remainder when (n/(-4))/((-3)/630) is divided by (-6 - -2)/(16/(-112)) - (1 - 0)?
24
Let q(m) = -2*m**3 + 2*m**2 + 3*m + 367. Let d be q(0). Suppose -49*f + 2866 = d. Calculate the remainder when 133 is divided by f.
31
Suppose 0*c + 54 = 3*c. Let r(i) be the first derivative of i**4/4 - 19*i**3/3 + 11*i**2 + 12*i - 141. What is the remainder when r(c) is divided by 44?
40
Suppose 305 = 4*l - p, 2*l = 4*p - 36 + 206. Let h = l + -20. Calculate the remainder when 104 is divided by h.
49
Suppose 4*u = -0*u + 708. Calculate the remainder when u is divided by (-28)/5*(-55640)/3424.
86
Suppose 0 = -5*v - 10, v = w - 9 - 2. Suppose -2442 - 1068 = -w*m. What is the remainder when m is divided by 49?
47
Let x(g) = -18 - 5433*g + 5426*g - 40. Calculate the remainder when 183 is divided by x(-9).
3
Let m = -276 - -357. Let w be (-94)/3 + (-4)/6. Let c = -11 - w. What is the remainder when m is divided by c?
18
Let g(q) = q**2 - 3*q - 9. Suppose 277 + 409 - 2096 = -94*i. What is the remainder when g(8) is divided by i?
1
Suppose 0 = -8*p + 1261 + 2571 + 2152. Calculate the remainder when p is divided by 113.
70
Let z = -4914 + 5025. Calculate the remainder when z is divided by 39.
33
Suppose 0 = -6*x - 6*x + 60. Suppose 3*c + 27 = 3*g, 0*c = -2*c + x*g - 3. Let d = c + 15. Calculate the remainder when d is divided by 1.
0
Let i be (-112)/(-60) + 4/30. Suppose 190 = 4*v - 6*w + w, -i*w - 4 = 0. Calculate the remainder when v is divided by 29.
16
Let f be 5/(-3) - (-304)/(-57). Calculate the remainder when (-222)/f - 6*6/(-126) is divided by 9.
5
Suppose -362036 - 17362 = -222*k. Calculate the remainder when k is divided by 563.
20
Suppose 3*t + 2341 + 5638 = 5*x, -3*x - 5*t = -4835. Calculate the remainder when x is divided by 106.
10
Let j(d) = 8*d - 31. Let k be j(-7). Let q = k - -117. What is the remainder when 89 is divided by q?
29
What is the remainder when 4/(60/9) + -13 + (-12180)/(-75) is divided by 47?
9
Suppose b - 453 = -5*l, -5*l + 2397 = 4*b + 660. Suppose 0 = 70*v - 74*v + b. Calculate the remainder when v is divided by 11.
8
Let p(l) = -2*l**3 + 74*l**2 + 161*l + 10. What is the remainder when 488 is divided by p(39)?
78
Let y = -89 + 126. Let z = y - 5. What is the remainder when z is divided by 12?
8
Let s = -91 + 98. What is the remainder when (21/(-6)*-16)/(s/14) is divided by 42?
28
Let l be (18/15)/((-30)/(-100)). Suppose -5*v + 940 = 5*p, -7*v + 4*v + l*p + 543 = 0. Calculate the remainder when v is divided by 21.
17
Suppose -3241*s - 56 = -2*g - 3245*s, -s = -5*g + 30. Let c(x) = x**2 - x + 3. What is the remainder when g is divided by c(0)?
2
Let t be (-144)/(-108) + (-526)/(-6). Suppose -t*m - 24 = -92*m. Calculate the remainder when 126 is divided by m.
6
Suppose -2*o - 3*d = -75, -5*d = -77*o + 72*o + 225. Let n(h) = 60*h - 1. Let c be n(2). Suppose -c = -2*r + 127. What is the remainder when r is divided by o?
39
Suppose -v + 621 = 34*v - 674. Let l be 25/(-2) + (-4)/(-8). Let a = l + 25. Calculate the remainder when v is divided by a.
11
Suppose 0*a - 9*a + 4392 = 9*a. What is the remainder when a is divided by 153?
91
Suppose 4*y = 12, 4*y + 216 + 66 = 2*u. Suppose 0 = -3*m + 2*w + 160, w + 103 = -4*m + 309. Calculate the remainder when u is divided by m.
43
Let q(o) = 4*o**3 - 440*o**2 + 3*o - 322. Let n = -18 - -34. Let u = n + 7. Calculate the remainder when u is divided by q(110).
7
Let n(q) = -7*q + 271. Let h be n(38). Suppose -2*v - m + 113 = 0, 4*v - 172 = h*m + 89. What is the remainder when 184 is divided by v?
7
Let y = -513 - -523. Suppose y*g - 18*g = -112. Calculate the remainder when 67 is divided by g.
11
What is the remainder when ((-12502)/(-63) - 24/54) + -8 is divided by 14?
8
What is the remainder when ((-108)/(-21))/(3 + 3223/(-1078)) is divided by 46?
44
Let v be 1 + 22/(-18) - 1045/(-45). Suppose -v*z + 562 = 33. What is the remainder when 89 is divided by z?
20
Calculate the remainder when 452 is divided by (21 + -3)/((-309)/(-1339)).
62
Suppose 2156 - 1652 = 8*c. Calculate the remainder when 8188 is divided by c.
61
Let s be 1 - (-5 + (1 - -110)). Let h = s + 123. What is the remainder when h is divided by 10?
8
Let y be 4180/(-342) - (1 + (-11)/9). Let j = 74 + y. Suppose -4*g = -25 - 7. Calculate the remainder when j is divided by g.
6
Calculate the remainder when 21*(-20)/(-210) + 1260 + -3 is divided by 209.
5
Suppose -5*p + 317*v - 318*v + 416 = 0, -4*p - 5*v = -337. What is the remainder when 3230 is divided by p?
76
Suppose 0 = 5*s - 240 + 195. Calculate the remainder when (-3)/((-54)/(-12))*s + 488 is divided by 23.
22
Calculate the remainder when (125/(-2))/(2272/64 + -36) is divided by 18/(-4)*6/(-3).
8
Suppose -141*k + 1022 = -2365 + 708. What is the remainder when 6981 is divided by k?
8
Suppose -406 = -8*b + 74. Let p(i) = -i**2 - 3*i + 187. Calculate the remainder when b is divided by p(-15).
4
Suppose 4*u + 4 = -2*p, -1 = -u + 3. Suppose -15*f + 20*f - 75 = 0. What is the remainder when 1545/p*4/(-6) is divided by f?
13
Let y be ((-1056)/20)/(-2) + 2/(-5). Suppose y*z - 8712 = -10*z. Calculate the remainder when z is divided by 9.
8
Suppose 454 = -3*j + s, 3*j - 4*s + 75 = -373. Let d = j + 206. Suppose -2*q + 100 = 3*q. Calculate the remainder when d is divided by q.
14
Let k(m) = -m**3 + 9*m**2 - 6*m. Suppose -157 + 742 = -3*q. Let n = q + 272. What is the remainder when n is divided by k(8)?
13
Suppose -7*l + 71 = -1413. Suppose 4*s = -16, 2*s = 2*g - 2*s - l. What is the remainder when g is divided by 13?
7
Suppose 3*v - 4*u - 2 = 0, 2 = -0*u + 2*u. Let n = 21 + v. Calculate the remainder when n is divided by (518/333)/(1/9).
9
Let q = -15127 + 15166. What is the remainder when 1438 is divided by q?
34
Let f(x) be the first derivative of -x**3/3 + x**2 + 13*x - 60. Let p = -4 + 8. Calculate the remainder when 18 is divided by f(p).
3
Let h(b) = -b**3 - 94*b**2 + 75*b + 18. What is the remainder when h(-95) is divided by 945?
28
Suppose 0 = 9*s + 2*y - 72, -5*y = -14*s + 10*s + 32. Suppose 4*g = -3*z + 5*z - 278, 5*z + 5*g = 695. What is the remainder when z is divided by s?
3
Suppose 2*k = 8*v + 1840, -920 = 37*k - 38*k - 4*v. Calculate the remainder when k is divided by 71.
68
What is the remainder when 2554 is divided by ((-12)/8)/((-39)/4) - (-356)/52?
6
Let s(q) = 3*q**3 - 10*q**2 + 7*q - 2. Let r be s(5). Suppose 3*z + 4*k = 5*k + 223, -2*z + 3*k = -r. Calculate the remainder when z is divided by 19.
16
Let x be 192/19 - (9 - 507/57). Suppose -357 = x*j - 13*j. What is the remainder when j + (-2 - ((-12)/(-3) - 4)) is divided by 17?
15
Let i = 1431 - 1416. What is the remainder when 163 is divided by i?
13
Let k(h) = 3*h + 4. Suppose 2*z = -4*i - 0*z + 412, 2*i + 2*z - 202 = 0. Let f = -58 + i. Calculate the remainder when f is divided by k(7).
22
Suppose -120 = -6*y + 2*y. Let r = y + -11. Let m(h) = 5*h**2 - 304*h - 29. Calculate the remainder when m(61) is divided by r.
13
Let r = -13 + 22. Suppose -q + z + 3 = -14, 0 = 3*z - r. Let a = -17 - -94. What is the remainder when a is divided by q?
17
Let s be 55 - -2 - (-2 - -1). Suppose -53 - s = -3*p. Let c = 695 - 549. What is the remainder when c is divided by p?
35
Let g = -16296 + 16322. Calculate the remainder when 1556 is divided by g.
22
Suppose o = -3*j + 1415, 2*j = 123*o - 119*o + 962. Calculate the remainder when j is divided by 115.
13
Suppose 1141*m = 1110*m + 930. Suppose 4*n + 2*l = 442, n - 45 = -4*l + 55. Calculate the remainder when n is divided by m.
22
Suppose 0 = -3*u - 4*c - c + 153, -40 = -u + 2*c. Let v(m) = 6*m**2 + 43*m + 197. What is the remainder when v(-5) is divided by u?
40
Let b = 486 + -425. Let s = -52 + b. Wha